CRAN Package Check Results for Package zoo

Last updated on 2022-08-14 12:53:33 CEST.

Flavor Version Tinstall Tcheck Ttotal Status Flags
r-devel-linux-x86_64-debian-clang 1.8-10 10.30 91.51 101.81 NOTE
r-devel-linux-x86_64-debian-gcc 1.8-10 6.61 75.05 81.66 NOTE
r-devel-linux-x86_64-fedora-clang 1.8-10 140.85 NOTE
r-devel-linux-x86_64-fedora-gcc 1.8-10 139.73 NOTE
r-devel-windows-x86_64 1.8-10 52.00 157.00 209.00 OK
r-patched-linux-x86_64 1.8-10 10.75 87.07 97.82 NOTE
r-release-linux-x86_64 1.8-10 9.27 86.34 95.61 NOTE
r-release-macos-arm64 1.8-10 49.00 OK
r-release-macos-x86_64 1.8-10 76.00 OK
r-release-windows-x86_64 1.8-10 51.00 219.00 270.00 OK
r-oldrel-macos-arm64 1.8-10 52.00 OK
r-oldrel-macos-x86_64 1.8-10 92.00 OK
r-oldrel-windows-ix86+x86_64 1.8-10 20.00 181.00 201.00 OK

Check Details

Version: 1.8-10
Check: package dependencies
Result: NOTE
    Package suggested but not available for checking: 'fts'
Flavors: r-devel-linux-x86_64-debian-clang, r-devel-linux-x86_64-debian-gcc, r-devel-linux-x86_64-fedora-clang, r-devel-linux-x86_64-fedora-gcc, r-patched-linux-x86_64, r-release-linux-x86_64

Version: 1.8-10
Check: Rd cross-references
Result: NOTE
    Unknown package 'fts' in Rd xrefs
Flavors: r-devel-linux-x86_64-debian-clang, r-devel-linux-x86_64-debian-gcc, r-devel-linux-x86_64-fedora-clang, r-devel-linux-x86_64-fedora-gcc, r-patched-linux-x86_64, r-release-linux-x86_64