CRAN Package Check Results for Package zipfR

Last updated on 2022-10-02 12:56:10 CEST.

Flavor Version Tinstall Tcheck Ttotal Status Flags
r-devel-linux-x86_64-debian-clang 0.6-70 8.85 108.70 117.55 OK
r-devel-linux-x86_64-debian-gcc 0.6-70 8.59 86.66 95.25 OK
r-devel-linux-x86_64-fedora-clang 0.6-70 164.62 NOTE
r-devel-linux-x86_64-fedora-gcc 0.6-70 160.26 NOTE
r-devel-windows-x86_64 0.6-70 54.00 152.00 206.00 OK
r-patched-linux-x86_64 0.6-70 10.68 100.22 110.90 OK
r-release-linux-x86_64 0.6-70 9.22 98.15 107.37 OK
r-release-macos-arm64 0.6-70 45.00 NOTE
r-release-macos-x86_64 0.6-70 64.00 NOTE
r-release-windows-x86_64 0.6-70 22.00 135.00 157.00 OK
r-oldrel-macos-arm64 0.6-70 53.00 NOTE
r-oldrel-macos-x86_64 0.6-70 101.00 NOTE
r-oldrel-windows-ix86+x86_64 0.6-70 17.00 107.00 124.00 OK

Check Details

Version: 0.6-70
Check: data for non-ASCII characters
Result: NOTE
     Note: found 146804 marked UTF-8 strings
Flavors: r-devel-linux-x86_64-fedora-clang, r-devel-linux-x86_64-fedora-gcc, r-release-macos-arm64, r-release-macos-x86_64, r-oldrel-macos-arm64, r-oldrel-macos-x86_64