CRAN Package Check Results for Package wildviz

Last updated on 2022-09-30 12:55:25 CEST.

Flavor Version Tinstall Tcheck Ttotal Status Flags
r-devel-linux-x86_64-debian-clang 0.1.2 42.49 88.24 130.73 OK
r-devel-linux-x86_64-debian-gcc 0.1.2 39.97 64.76 104.73 OK
r-devel-linux-x86_64-fedora-clang 0.1.2 183.66 NOTE
r-devel-linux-x86_64-fedora-gcc 0.1.2 174.34 NOTE
r-devel-windows-x86_64 0.1.2 49.00 113.00 162.00 OK
r-patched-linux-x86_64 0.1.2 43.03 82.67 125.70 OK
r-release-linux-x86_64 0.1.2 34.40 81.92 116.32 OK
r-release-macos-arm64 0.1.2 70.00 NOTE
r-release-macos-x86_64 0.1.2 94.00 NOTE
r-release-windows-x86_64 0.1.2 49.00 114.00 163.00 OK
r-oldrel-macos-arm64 0.1.2 88.00 NOTE
r-oldrel-macos-x86_64 0.1.2 79.00 NOTE
r-oldrel-windows-ix86+x86_64 0.1.2 70.00 108.00 178.00 OK

Check Details

Version: 0.1.2
Check: dependencies in R code
Result: NOTE
    Namespaces in Imports field not imported from:
     ‘ggplot2’ ‘ggthemes’ ‘plotly’ ‘shinythemes’
     All declared Imports should be used.
Flavors: r-devel-linux-x86_64-fedora-clang, r-devel-linux-x86_64-fedora-gcc, r-release-macos-arm64, r-release-macos-x86_64, r-oldrel-macos-arm64, r-oldrel-macos-x86_64

Version: 0.1.2
Check: installed package size
Result: NOTE
     installed size is 5.5Mb
     sub-directories of 1Mb or more:
     data 5.1Mb
Flavors: r-release-macos-arm64, r-oldrel-macos-arm64