CRAN Package Check Results for Package whippr

Last updated on 2022-09-30 12:55:25 CEST.

Flavor Version Tinstall Tcheck Ttotal Status Flags
r-devel-linux-x86_64-debian-clang 0.1.2 7.63 161.62 169.25 OK
r-devel-linux-x86_64-debian-gcc 0.1.2 6.91 114.89 121.80 OK
r-devel-linux-x86_64-fedora-clang 0.1.2 226.79 OK
r-devel-linux-x86_64-fedora-gcc 0.1.2 221.95 OK
r-devel-windows-x86_64 0.1.2 22.00 192.00 214.00 OK
r-patched-linux-x86_64 0.1.2 6.85 148.90 155.75 OK
r-release-linux-x86_64 0.1.2 5.66 147.86 153.52 OK
r-release-macos-arm64 0.1.2 64.00 OK
r-release-macos-x86_64 0.1.2 96.00 OK
r-release-windows-x86_64 0.1.2 23.00 188.00 211.00 OK
r-oldrel-macos-arm64 0.1.2 63.00 OK
r-oldrel-macos-x86_64 0.1.2 100.00 OK
r-oldrel-windows-ix86+x86_64 0.1.2 19.00 192.00 211.00 ERROR

Check Details

Version: 0.1.2
Check: PDF version of manual
Result: WARN
    LaTeX errors when creating PDF version.
    This typically indicates Rd problems.
    LaTeX errors found:
    ! Package inputenc Error: Unicode char â<c2><80><c2><90> (U+2010)
    (inputenc) not set up for use with LaTeX.
    
    See the inputenc package documentation for explanation.
    Type H <return> for immediate help.
    ! Package inputenc Error: Unicode char â<c2><80><c2><90> (U+2010)
    (inputenc) not set up for use with LaTeX.
    
    See the inputenc package documentation for explanation.
    Type H <return> for immediate help.
    ! Package inputenc Error: Unicode char â<c2><80><c2><90> (U+2010)
    (inputenc) not set up for use with LaTeX.
    
    See the inputenc package documentation for explanation.
    Type H <return> for immediate help.
    ! Package inputenc Error: Unicode char â<c2><80><c2><90> (U+2010)
    (inputenc) not set up for use with LaTeX.
    
    See the inputenc package documentation for explanation.
    Type H <return> for immediate help.
Flavor: r-oldrel-windows-ix86+x86_64

Version: 0.1.2
Check: PDF version of manual without hyperrefs or index
Result: ERROR
Flavor: r-oldrel-windows-ix86+x86_64