CRAN Package Check Results for Package vosonSML

Last updated on 2021-10-22 12:59:33 CEST.

Flavor Version Tinstall Tcheck Ttotal Status Flags
r-devel-linux-x86_64-debian-clang 0.29.13 19.97 133.35 153.32 OK
r-devel-linux-x86_64-debian-gcc 0.29.13 16.39 100.99 117.38 OK
r-devel-linux-x86_64-fedora-clang 0.29.13 195.05 OK
r-devel-linux-x86_64-fedora-gcc 0.29.13 181.53 OK
r-devel-windows-x86_64 0.29.13 33.00 142.00 175.00 OK
r-devel-windows-x86_64-gcc10-UCRT 0.29.13 ERROR
r-patched-linux-x86_64 0.29.13 21.51 128.79 150.30 OK
r-patched-solaris-x86 0.29.13 268.40 OK
r-release-linux-x86_64 0.29.13 19.01 127.47 146.48 OK
r-release-macos-arm64 0.29.13 OK
r-release-macos-x86_64 0.29.13 OK
r-release-windows-ix86+x86_64 0.29.13 32.00 166.00 198.00 OK
r-oldrel-macos-x86_64 0.29.13 OK
r-oldrel-windows-ix86+x86_64 0.29.13 47.00 166.00 213.00 OK

Check Details

Version: 0.29.13
Check: package dependencies
Result: ERROR
    Package required but not available: 'igraph'
    
    See section 'The DESCRIPTION file' in the 'Writing R Extensions'
    manual.
Flavor: r-devel-windows-x86_64-gcc10-UCRT