CRAN Package Check Results for Package vip

Last updated on 2022-10-03 12:53:27 CEST.

Flavor Version Tinstall Tcheck Ttotal Status Flags
r-devel-linux-x86_64-debian-clang 0.3.2 3.65 184.77 188.42 NOTE
r-devel-linux-x86_64-debian-gcc 0.3.2 3.67 123.01 126.68 NOTE
r-devel-linux-x86_64-fedora-clang 0.3.2 205.87 NOTE
r-devel-linux-x86_64-fedora-gcc 0.3.2 198.25 NOTE
r-devel-windows-x86_64 0.3.2 23.00 198.00 221.00 NOTE
r-patched-linux-x86_64 0.3.2 4.87 156.45 161.32 NOTE
r-release-linux-x86_64 0.3.2 3.88 162.08 165.96 NOTE
r-release-macos-arm64 0.3.2 60.00 NOTE
r-release-macos-x86_64 0.3.2 112.00 NOTE
r-release-windows-x86_64 0.3.2 33.00 199.00 232.00 NOTE
r-oldrel-macos-arm64 0.3.2 68.00 NOTE
r-oldrel-macos-x86_64 0.3.2 121.00 NOTE
r-oldrel-windows-ix86+x86_64 0.3.2 9.00 194.00 203.00 NOTE

Additional issues

noSuggests

Check Details

Version: 0.3.2
Check: LazyData
Result: NOTE
     'LazyData' is specified without a 'data' directory
Flavors: r-devel-linux-x86_64-debian-clang, r-devel-linux-x86_64-debian-gcc, r-devel-linux-x86_64-fedora-clang, r-devel-linux-x86_64-fedora-gcc, r-devel-windows-x86_64, r-patched-linux-x86_64, r-release-linux-x86_64, r-release-macos-arm64, r-release-macos-x86_64, r-release-windows-x86_64, r-oldrel-macos-arm64, r-oldrel-macos-x86_64, r-oldrel-windows-ix86+x86_64

Version: 0.3.2
Check: Rd cross-references
Result: NOTE
    Undeclared package ‘foreach’ in Rd xrefs
Flavor: r-devel-linux-x86_64-fedora-clang