CRAN Package Check Results for Package verification

Last updated on 2022-10-05 12:57:07 CEST.

Flavor Version Tinstall Tcheck Ttotal Status Flags
r-devel-linux-x86_64-debian-clang 1.42 13.23 112.62 125.85 NOTE
r-devel-linux-x86_64-debian-gcc 1.42 10.42 81.28 91.70 NOTE
r-devel-linux-x86_64-fedora-clang 1.42 158.28 NOTE
r-devel-linux-x86_64-fedora-gcc 1.42 154.54 NOTE
r-devel-windows-x86_64 1.42 62.00 141.00 203.00 NOTE
r-patched-linux-x86_64 1.42 13.48 105.93 119.41 OK
r-release-linux-x86_64 1.42 11.35 103.84 115.19 OK
r-release-macos-arm64 1.42 39.00 OK
r-release-macos-x86_64 1.42 90.00 OK
r-release-windows-x86_64 1.42 34.00 134.00 168.00 OK
r-oldrel-macos-arm64 1.42 45.00 OK
r-oldrel-macos-x86_64 1.42 60.00 OK
r-oldrel-windows-ix86+x86_64 1.42 27.00 127.00 154.00 OK

Check Details

Version: 1.42
Check: Rd files
Result: NOTE
    checkRd: (-1) value.Rd:32: Escaped LaTeX specials: \$ \$
Flavors: r-devel-linux-x86_64-debian-clang, r-devel-linux-x86_64-debian-gcc, r-devel-linux-x86_64-fedora-clang, r-devel-linux-x86_64-fedora-gcc, r-devel-windows-x86_64