CRAN Package Check Results for Package urltools

Last updated on 2022-10-03 12:53:27 CEST.

Flavor Version Tinstall Tcheck Ttotal Status Flags
r-devel-linux-x86_64-debian-clang 1.7.3 77.62 38.24 115.86 OK
r-devel-linux-x86_64-debian-gcc 1.7.3 60.63 30.13 90.76 OK
r-devel-linux-x86_64-fedora-clang 1.7.3 180.44 NOTE
r-devel-linux-x86_64-fedora-gcc 1.7.3 164.53 NOTE
r-devel-windows-x86_64 1.7.3 79.00 97.00 176.00 OK
r-patched-linux-x86_64 1.7.3 63.52 36.68 100.20 OK
r-release-linux-x86_64 1.7.3 61.77 35.98 97.75 OK
r-release-macos-arm64 1.7.3 44.00 NOTE
r-release-macos-x86_64 1.7.3 62.00 NOTE
r-release-windows-x86_64 1.7.3 87.00 93.00 180.00 OK
r-oldrel-macos-arm64 1.7.3 51.00 NOTE
r-oldrel-macos-x86_64 1.7.3 80.00 NOTE
r-oldrel-windows-ix86+x86_64 1.7.3 183.00 96.00 279.00 OK

Check Details

Version: 1.7.3
Check: Rd cross-references
Result: NOTE
    Undeclared package ‘httr’ in Rd xrefs
Flavor: r-devel-linux-x86_64-fedora-clang

Version: 1.7.3
Check: data for non-ASCII characters
Result: NOTE
     Note: found 488 marked UTF-8 strings
Flavors: r-devel-linux-x86_64-fedora-clang, r-devel-linux-x86_64-fedora-gcc, r-release-macos-arm64, r-release-macos-x86_64, r-oldrel-macos-arm64, r-oldrel-macos-x86_64