CRAN Package Check Results for Package upstartr

Last updated on 2022-08-16 12:53:15 CEST.

Flavor Version Tinstall Tcheck Ttotal Status Flags
r-devel-linux-x86_64-debian-clang 0.1.1 12.13 100.92 113.05 NOTE
r-devel-linux-x86_64-debian-gcc 0.1.1 8.63 75.54 84.17 NOTE
r-devel-linux-x86_64-fedora-clang 0.1.1 142.90 NOTE
r-devel-linux-x86_64-fedora-gcc 0.1.1 151.75 NOTE
r-devel-windows-x86_64 0.1.1 37.00 120.00 157.00 NOTE
r-patched-linux-x86_64 0.1.1 12.63 94.32 106.95 NOTE
r-release-linux-x86_64 0.1.1 10.19 95.64 105.83 NOTE
r-release-macos-arm64 0.1.1 41.00 NOTE
r-release-macos-x86_64 0.1.1 74.00 NOTE
r-release-windows-x86_64 0.1.1 30.00 130.00 160.00 NOTE
r-oldrel-macos-arm64 0.1.1 45.00 NOTE
r-oldrel-macos-x86_64 0.1.1 77.00 NOTE
r-oldrel-windows-ix86+x86_64 0.1.1 27.00 120.00 147.00 NOTE

Check Details

Version: 0.1.1
Check: LazyData
Result: NOTE
     'LazyData' is specified without a 'data' directory
Flavors: r-devel-linux-x86_64-debian-clang, r-devel-linux-x86_64-debian-gcc, r-devel-linux-x86_64-fedora-clang, r-devel-linux-x86_64-fedora-gcc, r-devel-windows-x86_64, r-patched-linux-x86_64, r-release-linux-x86_64, r-release-macos-arm64, r-release-macos-x86_64, r-release-windows-x86_64, r-oldrel-macos-arm64, r-oldrel-macos-x86_64, r-oldrel-windows-ix86+x86_64