Last updated on 2022-08-13 12:55:29 CEST.
Flavor | Version | Tinstall | Tcheck | Ttotal | Status | Flags |
---|---|---|---|---|---|---|
r-devel-linux-x86_64-debian-clang | 4.10.50 | 44.30 | 1135.97 | 1180.27 | NOTE | |
r-devel-linux-x86_64-debian-gcc | 4.10.50 | 33.12 | 666.67 | 699.79 | NOTE | |
r-devel-linux-x86_64-fedora-clang | 4.10.50 | 1231.09 | NOTE | |||
r-devel-linux-x86_64-fedora-gcc | 4.10.50 | 1093.44 | NOTE | |||
r-devel-windows-x86_64 | 4.10.50 | 135.00 | 924.00 | 1059.00 | NOTE | |
r-patched-linux-x86_64 | 4.10.50 | 59.98 | 825.68 | 885.66 | OK | |
r-release-linux-x86_64 | 4.10.50 | 35.55 | 831.18 | 866.73 | OK | |
r-release-macos-arm64 | 4.10.50 | 250.00 | NOTE | |||
r-release-macos-x86_64 | 4.10.50 | 462.00 | NOTE | |||
r-release-windows-x86_64 | 4.10.50 | 99.00 | 893.00 | 992.00 | NOTE | |
r-oldrel-macos-arm64 | 4.10.50 | 172.00 | NOTE | |||
r-oldrel-macos-x86_64 | 4.10.50 | 358.00 | NOTE | |||
r-oldrel-windows-ix86+x86_64 | 4.10.50 | 84.00 | 946.00 | 1030.00 | NOTE |
Version: 4.10.50
Check: HTML version of manual
Result: NOTE
Found the following HTML validation problems:
Fischbein_wt.html:62:49: Warning: inserting implicit <p>
Fischbein_wt.html:62:49: Warning: trimming empty <p>
oddsratio.html:54:119: Warning: inserting implicit <p>
oddsratio.html:54:119: Warning: trimming empty <p>
umxModify.html:122:84: Warning: inserting implicit <p>
umxModify.html:122:84: Warning: trimming empty <p>
umxRAM.html:46:110: Warning: inserting implicit <p>
umxRAM.html:53:131: Warning: inserting implicit <p>
umxRAM.html:46:110: Warning: trimming empty <p>
umxRAM.html:53:131: Warning: trimming empty <p>
Flavors: r-devel-linux-x86_64-debian-clang, r-devel-linux-x86_64-debian-gcc
Version: 4.10.50
Check: installed package size
Result: NOTE
installed size is 5.1Mb
sub-directories of 1Mb or more:
help 3.6Mb
Flavors: r-devel-linux-x86_64-fedora-clang, r-devel-windows-x86_64, r-release-macos-arm64, r-release-macos-x86_64, r-release-windows-x86_64, r-oldrel-macos-arm64, r-oldrel-macos-x86_64, r-oldrel-windows-ix86+x86_64
Version: 4.10.50
Check: dependencies in R code
Result: NOTE
Namespace in Imports field not imported from: ‘tibble’
All declared Imports should be used.
Flavors: r-devel-linux-x86_64-fedora-clang, r-devel-linux-x86_64-fedora-gcc, r-release-macos-arm64, r-release-macos-x86_64, r-oldrel-macos-arm64, r-oldrel-macos-x86_64