Last updated on 2022-08-14 12:53:32 CEST.
Flavor | Version | Tinstall | Tcheck | Ttotal | Status | Flags |
---|---|---|---|---|---|---|
r-devel-linux-x86_64-debian-clang | 0.3.8 | 16.72 | 235.61 | 252.33 | NOTE | |
r-devel-linux-x86_64-debian-gcc | 0.3.8 | 11.64 | 168.90 | 180.54 | NOTE | |
r-devel-linux-x86_64-fedora-clang | 0.3.8 | 279.14 | NOTE | |||
r-devel-linux-x86_64-fedora-gcc | 0.3.8 | 309.09 | NOTE | |||
r-devel-windows-x86_64 | 0.3.8 | 31.00 | 256.00 | 287.00 | NOTE | |
r-patched-linux-x86_64 | 0.3.8 | 10.26 | 212.96 | 223.22 | NOTE | |
r-release-linux-x86_64 | 0.3.8 | 10.75 | 214.91 | 225.66 | NOTE | |
r-release-macos-arm64 | 0.3.8 | 68.00 | NOTE | |||
r-release-macos-x86_64 | 0.3.8 | 123.00 | NOTE | |||
r-release-windows-x86_64 | 0.3.8 | 20.00 | 265.00 | 285.00 | NOTE | |
r-oldrel-macos-arm64 | 0.3.8 | 67.00 | NOTE | |||
r-oldrel-macos-x86_64 | 0.3.8 | 95.00 | NOTE | |||
r-oldrel-windows-ix86+x86_64 | 0.3.8 | 32.00 | 254.00 | 286.00 | NOTE |
Version: 0.3.8
Check: package dependencies
Result: NOTE
Package which this enhances but not available for checking: 'sl3'
Flavors: r-devel-linux-x86_64-debian-clang, r-devel-linux-x86_64-debian-gcc, r-devel-linux-x86_64-fedora-clang, r-devel-linux-x86_64-fedora-gcc, r-devel-windows-x86_64, r-patched-linux-x86_64, r-release-linux-x86_64, r-release-macos-arm64, r-release-macos-x86_64, r-release-windows-x86_64, r-oldrel-macos-arm64, r-oldrel-macos-x86_64, r-oldrel-windows-ix86+x86_64