CRAN Package Check Results for Package tlsh

Last updated on 2021-10-21 12:58:19 CEST.

Flavor Version Tinstall Tcheck Ttotal Status Flags
r-devel-linux-x86_64-debian-clang 0.1.0 3.36 91.39 94.75 NOTE
r-devel-linux-x86_64-debian-gcc 0.1.0 2.95 63.63 66.58 NOTE
r-devel-linux-x86_64-fedora-clang 0.1.0 116.56 NOTE
r-devel-linux-x86_64-fedora-gcc 0.1.0 107.74 NOTE
r-devel-windows-x86_64 0.1.0 7.00 97.00 104.00 NOTE
r-devel-windows-x86_64-gcc10-UCRT 0.1.0 ERROR
r-patched-linux-x86_64 0.1.0 3.43 84.16 87.59 NOTE
r-patched-solaris-x86 0.1.0 105.20 NOTE
r-release-linux-x86_64 0.1.0 3.19 84.04 87.23 NOTE
r-release-macos-arm64 0.1.0 NOTE
r-release-macos-x86_64 0.1.0 NOTE
r-release-windows-ix86+x86_64 0.1.0 7.00 115.00 122.00 NOTE
r-oldrel-macos-x86_64 0.1.0 OK
r-oldrel-windows-ix86+x86_64 0.1.0 10.00 119.00 129.00 OK

Check Details

Version: 0.1.0
Check: LazyData
Result: NOTE
     'LazyData' is specified without a 'data' directory
Flavors: r-devel-linux-x86_64-debian-clang, r-devel-linux-x86_64-debian-gcc, r-devel-linux-x86_64-fedora-clang, r-devel-linux-x86_64-fedora-gcc, r-devel-windows-x86_64, r-patched-linux-x86_64, r-patched-solaris-x86, r-release-linux-x86_64, r-release-macos-arm64, r-release-macos-x86_64, r-release-windows-ix86+x86_64

Version: 0.1.0
Check: package dependencies
Result: ERROR
    Package required but not available: 'igraph'
    
    See section 'The DESCRIPTION file' in the 'Writing R Extensions'
    manual.
Flavor: r-devel-windows-x86_64-gcc10-UCRT