CRAN Package Check Results for Package tidyquant

Last updated on 2022-08-06 12:57:34 CEST.

Flavor Version Tinstall Tcheck Ttotal Status Flags
r-devel-linux-x86_64-debian-clang 1.0.4 12.88 227.55 240.43 NOTE
r-devel-linux-x86_64-debian-gcc 1.0.4 9.88 163.73 173.61 NOTE
r-devel-linux-x86_64-fedora-clang 1.0.4 285.27 NOTE
r-devel-linux-x86_64-fedora-gcc 1.0.4 268.79 OK
r-devel-windows-x86_64 1.0.4 79.00 290.00 369.00 OK
r-patched-linux-x86_64 1.0.4 19.29 208.16 227.45 OK
r-release-linux-x86_64 1.0.4 8.01 221.38 229.39 OK
r-release-macos-arm64 1.0.4 140.00 NOTE
r-release-macos-x86_64 1.0.4 148.00 OK
r-release-windows-x86_64 1.0.4 100.00 316.00 416.00 OK
r-oldrel-macos-arm64 1.0.4 137.00 NOTE
r-oldrel-macos-x86_64 1.0.4 165.00 OK
r-oldrel-windows-ix86+x86_64 1.0.4 28.00 329.00 357.00 OK

Check Details

Version: 1.0.4
Check: HTML version of manual
Result: NOTE
    Found the following HTML validation problems:
    excel_if_functions.html:126:5: Warning: <em> is probably intended as </em>
    excel_if_functions.html:126:60: Warning: discarding unexpected </em>
    excel_if_functions.html:126:65: Warning: discarding unexpected </em>
Flavors: r-devel-linux-x86_64-debian-clang, r-devel-linux-x86_64-debian-gcc

Version: 1.0.4
Check: package dependencies
Result: NOTE
    Imports includes 21 non-default packages.
    Importing from so many packages makes the package vulnerable to any of
    them becoming unavailable. Move as many as possible to Suggests and
    use conditionally.
Flavor: r-devel-linux-x86_64-fedora-clang

Version: 1.0.4
Check: package dependencies
Result: NOTE
    Package suggested but not available for checking: ‘Rblpapi’
Flavors: r-release-macos-arm64, r-oldrel-macos-arm64

Version: 1.0.4
Check: Rd cross-references
Result: NOTE
    Package unavailable to check Rd xrefs: ‘Rblpapi’
Flavors: r-release-macos-arm64, r-oldrel-macos-arm64