CRAN Package Check Results for Package tidylog

Last updated on 2022-09-24 12:57:40 CEST.

Flavor Version Tinstall Tcheck Ttotal Status Flags
r-devel-linux-x86_64-debian-clang 1.0.2 7.20 83.99 91.19 NOTE
r-devel-linux-x86_64-debian-gcc 1.0.2 4.91 62.90 67.81 NOTE
r-devel-linux-x86_64-fedora-clang 1.0.2 116.46 NOTE
r-devel-linux-x86_64-fedora-gcc 1.0.2 114.94 NOTE
r-devel-windows-x86_64 1.0.2 43.00 125.00 168.00 NOTE
r-patched-linux-x86_64 1.0.2 5.77 79.76 85.53 NOTE
r-release-linux-x86_64 1.0.2 4.35 79.48 83.83 NOTE
r-release-macos-arm64 1.0.2 33.00 NOTE
r-release-macos-x86_64 1.0.2 57.00 NOTE
r-release-windows-x86_64 1.0.2 44.00 124.00 168.00 NOTE
r-oldrel-macos-arm64 1.0.2 40.00 NOTE
r-oldrel-macos-x86_64 1.0.2 61.00 NOTE
r-oldrel-windows-ix86+x86_64 1.0.2 16.00 104.00 120.00 NOTE

Check Details

Version: 1.0.2
Check: LazyData
Result: NOTE
     'LazyData' is specified without a 'data' directory
Flavors: r-devel-linux-x86_64-debian-clang, r-devel-linux-x86_64-debian-gcc, r-devel-linux-x86_64-fedora-clang, r-devel-linux-x86_64-fedora-gcc, r-devel-windows-x86_64, r-patched-linux-x86_64, r-release-linux-x86_64, r-release-macos-arm64, r-release-macos-x86_64, r-release-windows-x86_64, r-oldrel-macos-arm64, r-oldrel-macos-x86_64, r-oldrel-windows-ix86+x86_64