CRAN Package Check Results for Package tidyfst

Last updated on 2022-09-30 12:55:23 CEST.

Flavor Version Tinstall Tcheck Ttotal Status Flags
r-devel-linux-x86_64-debian-clang 1.7.3 6.21 113.74 119.95 OK
r-devel-linux-x86_64-debian-gcc 1.7.3 3.85 80.72 84.57 OK
r-devel-linux-x86_64-fedora-clang 1.7.3 151.79 NOTE
r-devel-linux-x86_64-fedora-gcc 1.7.3 133.87 OK
r-devel-windows-x86_64 1.7.3 51.00 162.00 213.00 OK
r-patched-linux-x86_64 1.7.3 7.38 101.15 108.53 OK
r-release-linux-x86_64 1.7.3 6.16 96.89 103.05 OK
r-release-macos-arm64 1.7.3 47.00 OK
r-release-macos-x86_64 1.7.3 63.00 OK
r-release-windows-x86_64 1.7.3 57.00 165.00 222.00 OK
r-oldrel-macos-arm64 1.7.3 56.00 OK
r-oldrel-macos-x86_64 1.7.3 71.00 OK
r-oldrel-windows-ix86+x86_64 1.7.3 12.00 148.00 160.00 OK

Check Details

Version: 1.7.3
Check: Rd cross-references
Result: NOTE
    Undeclared packages ‘fastDummies’, ‘widyr’, ‘pacman’, ‘sjmisc’ in Rd xrefs
Flavor: r-devel-linux-x86_64-fedora-clang