CRAN Package Check Results for Package tfio

Last updated on 2022-05-18 18:52:35 CEST.

Flavor Version Tinstall Tcheck Ttotal Status Flags
r-devel-linux-x86_64-debian-clang 0.4.1 8.78 94.15 102.93 NOTE
r-devel-linux-x86_64-debian-gcc 0.4.1 8.27 72.65 80.92 NOTE
r-devel-linux-x86_64-fedora-clang 0.4.1 124.12 NOTE
r-devel-linux-x86_64-fedora-gcc 0.4.1 133.91 NOTE
r-devel-windows-x86_64 0.4.1 24.00 110.00 134.00 NOTE
r-patched-linux-x86_64 0.4.1 9.82 90.63 100.45 NOTE
r-release-linux-x86_64 0.4.1 10.74 92.03 102.77 NOTE
r-release-macos-arm64 0.4.1 34.00 NOTE
r-release-macos-x86_64 0.4.1 70.00 NOTE
r-release-windows-x86_64 0.4.1 22.00 116.00 138.00 NOTE
r-oldrel-macos-arm64 0.4.1 41.00 NOTE
r-oldrel-macos-x86_64 0.4.1 62.00 NOTE
r-oldrel-windows-ix86+x86_64 0.4.1 21.00 106.00 127.00 NOTE

Check Details

Version: 0.4.1
Check: LazyData
Result: NOTE
     'LazyData' is specified without a 'data' directory
Flavors: r-devel-linux-x86_64-debian-clang, r-devel-linux-x86_64-debian-gcc, r-devel-linux-x86_64-fedora-clang, r-devel-linux-x86_64-fedora-gcc, r-devel-windows-x86_64, r-patched-linux-x86_64, r-release-linux-x86_64, r-release-macos-arm64, r-release-macos-x86_64, r-release-windows-x86_64, r-oldrel-macos-arm64, r-oldrel-macos-x86_64, r-oldrel-windows-ix86+x86_64