Last updated on 2022-05-18 18:52:35 CEST.
Flavor | Version | Tinstall | Tcheck | Ttotal | Status | Flags |
---|---|---|---|---|---|---|
r-devel-linux-x86_64-debian-clang | 0.10.0 | 10.15 | 108.58 | 118.73 | NOTE | |
r-devel-linux-x86_64-debian-gcc | 0.10.0 | 8.74 | 82.75 | 91.49 | NOTE | |
r-devel-linux-x86_64-fedora-clang | 0.10.0 | 145.04 | NOTE | |||
r-devel-linux-x86_64-fedora-gcc | 0.10.0 | 149.40 | NOTE | |||
r-devel-windows-x86_64 | 0.10.0 | 109.00 | 146.00 | 255.00 | NOTE | |
r-patched-linux-x86_64 | 0.10.0 | 12.65 | 104.16 | 116.81 | NOTE | |
r-release-linux-x86_64 | 0.10.0 | 11.23 | 104.36 | 115.59 | NOTE | |
r-release-macos-arm64 | 0.10.0 | 39.00 | NOTE | |||
r-release-macos-x86_64 | 0.10.0 | 81.00 | NOTE | |||
r-release-windows-x86_64 | 0.10.0 | 130.00 | 153.00 | 283.00 | NOTE | |
r-oldrel-macos-arm64 | 0.10.0 | 45.00 | NOTE | |||
r-oldrel-macos-x86_64 | 0.10.0 | 87.00 | NOTE | |||
r-oldrel-windows-ix86+x86_64 | 0.10.0 | 24.00 | 129.00 | 153.00 | NOTE |
Version: 0.10.0
Check: LazyData
Result: NOTE
'LazyData' is specified without a 'data' directory
Flavors: r-devel-linux-x86_64-debian-clang, r-devel-linux-x86_64-debian-gcc, r-devel-linux-x86_64-fedora-clang, r-devel-linux-x86_64-fedora-gcc, r-devel-windows-x86_64, r-patched-linux-x86_64, r-release-linux-x86_64, r-release-macos-arm64, r-release-macos-x86_64, r-release-windows-x86_64, r-oldrel-macos-arm64, r-oldrel-macos-x86_64, r-oldrel-windows-ix86+x86_64