CRAN Package Check Results for Package tbma

Last updated on 2022-09-25 12:56:10 CEST.

Flavor Version Tinstall Tcheck Ttotal Status Flags
r-devel-linux-x86_64-debian-clang 0.1.0 8.15 76.69 84.84 NOTE
r-devel-linux-x86_64-debian-gcc 0.1.0 7.36 54.47 61.83 NOTE
r-devel-linux-x86_64-fedora-clang 0.1.0 107.71 NOTE
r-devel-linux-x86_64-fedora-gcc 0.1.0 103.98 NOTE
r-devel-windows-x86_64 0.1.0 12.00 87.00 99.00 NOTE
r-patched-linux-x86_64 0.1.0 9.50 68.39 77.89 NOTE
r-release-linux-x86_64 0.1.0 8.17 68.76 76.93 NOTE
r-release-macos-arm64 0.1.0 32.00 NOTE
r-release-macos-x86_64 0.1.0 41.00 NOTE
r-release-windows-x86_64 0.1.0 12.00 94.00 106.00 NOTE
r-oldrel-macos-arm64 0.1.0 33.00 NOTE
r-oldrel-macos-x86_64 0.1.0 51.00 NOTE
r-oldrel-windows-ix86+x86_64 0.1.0 18.00 91.00 109.00 NOTE

Check Details

Version: 0.1.0
Check: LazyData
Result: NOTE
     'LazyData' is specified without a 'data' directory
Flavors: r-devel-linux-x86_64-debian-clang, r-devel-linux-x86_64-debian-gcc, r-devel-linux-x86_64-fedora-clang, r-devel-linux-x86_64-fedora-gcc, r-devel-windows-x86_64, r-patched-linux-x86_64, r-release-linux-x86_64, r-release-macos-arm64, r-release-macos-x86_64, r-release-windows-x86_64, r-oldrel-macos-arm64, r-oldrel-macos-x86_64, r-oldrel-windows-ix86+x86_64