CRAN Package Check Results for Package sysid

Last updated on 2022-09-25 12:56:10 CEST.

Flavor Version Tinstall Tcheck Ttotal Status Flags
r-devel-linux-x86_64-debian-clang 1.0.4 7.99 86.23 94.22 NOTE
r-devel-linux-x86_64-debian-gcc 1.0.4 7.77 63.31 71.08 NOTE
r-devel-linux-x86_64-fedora-clang 1.0.4 120.98 NOTE
r-devel-linux-x86_64-fedora-gcc 1.0.4 119.83 NOTE
r-devel-windows-x86_64 1.0.4 31.00 122.00 153.00 OK
r-patched-linux-x86_64 1.0.4 7.35 79.56 86.91 NOTE
r-release-linux-x86_64 1.0.4 9.78 78.35 88.13 NOTE
r-release-macos-arm64 1.0.4 36.00 OK
r-release-macos-x86_64 1.0.4 66.00 OK
r-release-windows-x86_64 1.0.4 28.00 116.00 144.00 OK
r-oldrel-macos-arm64 1.0.4 43.00 OK
r-oldrel-macos-x86_64 1.0.4 69.00 OK
r-oldrel-windows-ix86+x86_64 1.0.4 21.00 107.00 128.00 OK

Check Details

Version: 1.0.4
Check: for non-standard things in the check directory
Result: NOTE
    Found the following files/directories:
     'test.csv'
Flavors: r-devel-linux-x86_64-debian-clang, r-devel-linux-x86_64-debian-gcc, r-devel-linux-x86_64-fedora-clang, r-devel-linux-x86_64-fedora-gcc, r-patched-linux-x86_64, r-release-linux-x86_64