CRAN Package Check Results for Package sysfonts

Last updated on 2022-09-25 12:56:10 CEST.

Flavor Version Tinstall Tcheck Ttotal Status Flags
r-devel-linux-x86_64-debian-clang 0.8.8 4.64 24.92 29.56 OK
r-devel-linux-x86_64-debian-gcc 0.8.8 2.92 19.49 22.41 OK
r-devel-linux-x86_64-fedora-clang 0.8.8 48.16 OK
r-devel-linux-x86_64-fedora-gcc 0.8.8 47.63 OK
r-devel-windows-x86_64 0.8.8 42.00 61.00 103.00 OK
r-patched-linux-x86_64 0.8.8 3.88 25.07 28.95 OK
r-release-linux-x86_64 0.8.8 4.10 24.38 28.48 OK
r-release-macos-arm64 0.8.8 20.00 NOTE
r-release-macos-x86_64 0.8.8 32.00 NOTE
r-release-windows-x86_64 0.8.8 36.00 57.00 93.00 OK
r-oldrel-macos-arm64 0.8.8 41.00 NOTE
r-oldrel-macos-x86_64 0.8.8 44.00 NOTE
r-oldrel-windows-ix86+x86_64 0.8.8 13.00 57.00 70.00 OK

Check Details

Version: 0.8.8
Check: installed package size
Result: NOTE
     installed size is 17.4Mb
     sub-directories of 1Mb or more:
     fonts 1.7Mb
     libs 15.5Mb
Flavors: r-release-macos-arm64, r-release-macos-x86_64, r-oldrel-macos-arm64, r-oldrel-macos-x86_64