CRAN Package Check Results for Package swmmr

Last updated on 2022-10-03 12:53:25 CEST.

Flavor Version Tinstall Tcheck Ttotal Status Flags
r-devel-linux-x86_64-debian-clang 0.9.1 21.47 61.67 83.14 NOTE
r-devel-linux-x86_64-debian-gcc 0.9.1 17.48 47.29 64.77 NOTE
r-devel-linux-x86_64-fedora-clang 0.9.1 125.89 NOTE
r-devel-linux-x86_64-fedora-gcc 0.9.1 115.84 NOTE
r-devel-windows-x86_64 0.9.1 85.00 136.00 221.00 NOTE
r-patched-linux-x86_64 0.9.1 22.25 56.14 78.39 NOTE
r-release-linux-x86_64 0.9.1 16.02 55.52 71.54 NOTE
r-release-macos-arm64 0.9.1 34.00 NOTE
r-release-macos-x86_64 0.9.1 57.00 NOTE
r-release-windows-x86_64 0.9.1 88.00 113.00 201.00 NOTE
r-oldrel-macos-arm64 0.9.1 36.00 NOTE
r-oldrel-macos-x86_64 0.9.1 66.00 NOTE
r-oldrel-windows-ix86+x86_64 0.9.1 57.00 115.00 172.00 NOTE

Check Details

Version: 0.9.1
Check: LazyData
Result: NOTE
     'LazyData' is specified without a 'data' directory
Flavors: r-devel-linux-x86_64-debian-clang, r-devel-linux-x86_64-debian-gcc, r-devel-linux-x86_64-fedora-clang, r-devel-linux-x86_64-fedora-gcc, r-devel-windows-x86_64, r-patched-linux-x86_64, r-release-linux-x86_64, r-release-macos-arm64, r-release-macos-x86_64, r-release-windows-x86_64, r-oldrel-macos-arm64, r-oldrel-macos-x86_64, r-oldrel-windows-ix86+x86_64