CRAN Package Check Results for Package statgenHTP

Last updated on 2022-08-16 12:53:13 CEST.

Flavor Version Tinstall Tcheck Ttotal Status Flags
r-devel-linux-x86_64-debian-clang 1.0.5 13.76 429.05 442.81 NOTE
r-devel-linux-x86_64-debian-gcc 1.0.5 10.19 318.89 329.08 NOTE
r-devel-linux-x86_64-fedora-clang 1.0.5 521.60 NOTE
r-devel-linux-x86_64-fedora-gcc 1.0.5 511.92 NOTE
r-devel-windows-x86_64 1.0.5 47.00 489.00 536.00 NOTE
r-patched-linux-x86_64 1.0.5 14.63 400.96 415.59 NOTE
r-release-linux-x86_64 1.0.5 14.89 403.78 418.67 NOTE
r-release-macos-arm64 1.0.5 159.00 NOTE
r-release-macos-x86_64 1.0.5 267.00 NOTE
r-release-windows-x86_64 1.0.5 52.00 472.00 524.00 NOTE
r-oldrel-macos-arm64 1.0.5 154.00 NOTE
r-oldrel-macos-x86_64 1.0.5 203.00 NOTE
r-oldrel-windows-ix86+x86_64 1.0.5 29.00 503.00 532.00 NOTE

Check Details

Version: 1.0.5
Check: package dependencies
Result: NOTE
    Package suggested but not available for checking: 'asreml'
Flavors: r-devel-linux-x86_64-debian-clang, r-devel-linux-x86_64-debian-gcc, r-devel-linux-x86_64-fedora-clang, r-devel-linux-x86_64-fedora-gcc, r-devel-windows-x86_64, r-patched-linux-x86_64, r-release-linux-x86_64, r-release-macos-arm64, r-release-macos-x86_64, r-release-windows-x86_64, r-oldrel-macos-arm64, r-oldrel-macos-x86_64, r-oldrel-windows-ix86+x86_64