CRAN Package Check Results for Package statVisual

Last updated on 2022-10-03 12:53:25 CEST.

Flavor Version Tinstall Tcheck Ttotal Status Flags
r-devel-linux-x86_64-debian-clang 1.2.1 20.35 256.60 276.95 OK
r-devel-linux-x86_64-debian-gcc 1.2.1 17.25 183.80 201.05 OK
r-devel-linux-x86_64-fedora-clang 1.2.1 352.49 NOTE
r-devel-linux-x86_64-fedora-gcc 1.2.1 347.06 NOTE
r-devel-windows-x86_64 1.2.1 34.00 273.00 307.00 OK
r-patched-linux-x86_64 1.2.1 24.56 231.35 255.91 OK
r-release-linux-x86_64 1.2.1 18.95 235.35 254.30 OK
r-release-macos-arm64 1.2.1 58.00 NOTE
r-release-macos-x86_64 1.2.1 7.00 ERROR
r-release-windows-x86_64 1.2.1 40.00 274.00 314.00 OK
r-oldrel-macos-arm64 1.2.1 9.00 ERROR
r-oldrel-macos-x86_64 1.2.1 11.00 ERROR
r-oldrel-windows-ix86+x86_64 1.2.1 46.00 260.00 306.00 OK

Check Details

Version: 1.2.1
Check: package dependencies
Result: NOTE
    Imports includes 23 non-default packages.
    Importing from so many packages makes the package vulnerable to any of
    them becoming unavailable. Move as many as possible to Suggests and
    use conditionally.
Flavor: r-devel-linux-x86_64-fedora-clang

Version: 1.2.1
Check: dependencies in R code
Result: NOTE
    Namespaces in Imports field not imported from:
     ‘gbm’ ‘ggfortify’ ‘tibble’ ‘tidyverse’
     All declared Imports should be used.
Flavors: r-devel-linux-x86_64-fedora-clang, r-devel-linux-x86_64-fedora-gcc, r-release-macos-arm64

Version: 1.2.1
Check: package dependencies
Result: ERROR
    Package required but not available: ‘pvca’
    
    See section ‘The DESCRIPTION file’ in the ‘Writing R Extensions’
    manual.
Flavors: r-release-macos-x86_64, r-oldrel-macos-arm64, r-oldrel-macos-x86_64