CRAN Package Check Results for Package ssdtools

Last updated on 2022-08-06 12:57:33 CEST.

Flavor Version Tinstall Tcheck Ttotal Status Flags
r-devel-linux-x86_64-debian-clang 1.0.2 105.63 509.39 615.02 OK
r-devel-linux-x86_64-debian-gcc 1.0.2 89.47 377.73 467.20 OK
r-devel-linux-x86_64-fedora-clang 1.0.2 758.73 NOTE
r-devel-linux-x86_64-fedora-gcc 1.0.2 744.24 OK
r-devel-windows-x86_64 1.0.2 185.00 600.00 785.00 NOTE
r-patched-linux-x86_64 1.0.2 101.20 478.94 580.14 OK
r-release-linux-x86_64 1.0.2 96.46 490.00 586.46 OK
r-release-macos-arm64 1.0.2 208.00 NOTE
r-release-macos-x86_64 1.0.2 262.00 NOTE
r-release-windows-x86_64 1.0.2 197.00 594.00 791.00 NOTE
r-oldrel-macos-arm64 1.0.2 228.00 NOTE
r-oldrel-macos-x86_64 1.0.2 269.00 NOTE
r-oldrel-windows-ix86+x86_64 1.0.2 218.00 907.00 1125.00 NOTE

Check Details

Version: 1.0.2
Check: installed package size
Result: NOTE
     installed size is 13.2Mb
     sub-directories of 1Mb or more:
     doc 1.2Mb
     help 1.0Mb
     libs 10.5Mb
Flavors: r-devel-linux-x86_64-fedora-clang, r-devel-windows-x86_64, r-release-macos-arm64, r-release-macos-x86_64, r-release-windows-x86_64, r-oldrel-macos-arm64, r-oldrel-macos-x86_64, r-oldrel-windows-ix86+x86_64