CRAN Package Check Results for Package spatstat.core

Last updated on 2022-10-03 12:53:24 CEST.

Flavor Version Tinstall Tcheck Ttotal Status Flags
r-devel-linux-x86_64-debian-clang 2.4-4 83.55 822.63 906.18 NOTE
r-devel-linux-x86_64-debian-gcc 2.4-4 74.78 597.38 672.16 NOTE
r-devel-linux-x86_64-fedora-clang 2.4-4 1111.77 NOTE
r-devel-linux-x86_64-fedora-gcc 2.4-4 1081.55 NOTE
r-devel-windows-x86_64 2.4-4 770.00 356.00 1126.00 NOTE --no-examples --no-tests --no-vignettes
r-patched-linux-x86_64 2.4-4 115.83 763.63 879.46 NOTE
r-release-linux-x86_64 2.4-4 80.71 770.47 851.18 NOTE
r-release-macos-arm64 2.4-4 313.00 NOTE
r-release-macos-x86_64 2.4-4 380.00 NOTE
r-release-windows-x86_64 2.4-4 950.00 333.00 1283.00 NOTE --no-examples --no-tests --no-vignettes
r-oldrel-macos-arm64 2.4-4 275.00 NOTE
r-oldrel-macos-x86_64 2.4-4 373.00 NOTE
r-oldrel-windows-ix86+x86_64 2.4-4 168.00 277.00 445.00 NOTE --no-examples --no-tests --no-vignettes

Check Details

Version: 2.4-4
Check: package dependencies
Result: NOTE
    Package suggested but not available for checking: 'RandomFields'
Flavors: r-devel-linux-x86_64-debian-clang, r-devel-linux-x86_64-debian-gcc, r-devel-linux-x86_64-fedora-clang, r-devel-linux-x86_64-fedora-gcc, r-patched-linux-x86_64, r-release-linux-x86_64

Version: 2.4-4
Check: Rd cross-references
Result: NOTE
    Unknown package 'RandomFields' in Rd xrefs
Flavors: r-devel-linux-x86_64-debian-clang, r-devel-linux-x86_64-debian-gcc, r-devel-linux-x86_64-fedora-clang, r-devel-linux-x86_64-fedora-gcc, r-patched-linux-x86_64, r-release-linux-x86_64

Version: 2.4-4
Check: installed package size
Result: NOTE
     installed size is 6.3Mb
     sub-directories of 1Mb or more:
     R 3.0Mb
     help 2.8Mb
Flavors: r-devel-linux-x86_64-fedora-clang, r-release-macos-arm64, r-release-macos-x86_64, r-oldrel-macos-arm64, r-oldrel-macos-x86_64

Version: 2.4-4
Flags: --no-examples --no-tests --no-vignettes
Check: installed package size
Result: NOTE
     installed size is 6.2Mb
     sub-directories of 1Mb or more:
     R 2.9Mb
     help 2.8Mb
Flavors: r-devel-windows-x86_64, r-release-windows-x86_64, r-oldrel-windows-ix86+x86_64