CRAN Package Check Results for Package sparseinv

Last updated on 2022-09-25 12:56:09 CEST.

Flavor Version Tinstall Tcheck Ttotal Status Flags
r-devel-linux-x86_64-debian-clang 0.1.3 27.17 92.73 119.90 NOTE
r-devel-linux-x86_64-debian-gcc 0.1.3 22.88 69.90 92.78 NOTE
r-devel-linux-x86_64-fedora-clang 0.1.3 160.78 NOTE
r-devel-linux-x86_64-fedora-gcc 0.1.3 150.24 NOTE
r-devel-windows-x86_64 0.1.3 43.00 126.00 169.00 NOTE
r-patched-linux-x86_64 0.1.3 24.22 88.42 112.64 NOTE
r-release-linux-x86_64 0.1.3 21.67 88.36 110.03 NOTE
r-release-macos-arm64 0.1.3 43.00 NOTE
r-release-macos-x86_64 0.1.3 60.00 NOTE
r-release-windows-x86_64 0.1.3 42.00 126.00 168.00 NOTE
r-oldrel-macos-arm64 0.1.3 47.00 NOTE
r-oldrel-macos-x86_64 0.1.3 81.00 NOTE
r-oldrel-windows-ix86+x86_64 0.1.3 76.00 152.00 228.00 NOTE

Check Details

Version: 0.1.3
Check: LazyData
Result: NOTE
     'LazyData' is specified without a 'data' directory
Flavors: r-devel-linux-x86_64-debian-clang, r-devel-linux-x86_64-debian-gcc, r-devel-linux-x86_64-fedora-clang, r-devel-linux-x86_64-fedora-gcc, r-devel-windows-x86_64, r-patched-linux-x86_64, r-release-linux-x86_64, r-release-macos-arm64, r-release-macos-x86_64, r-release-windows-x86_64, r-oldrel-macos-arm64, r-oldrel-macos-x86_64, r-oldrel-windows-ix86+x86_64