CRAN Package Check Results for Package soptdmaeA

Last updated on 2021-10-21 12:58:16 CEST.

Flavor Version Tinstall Tcheck Ttotal Status Flags
r-devel-linux-x86_64-debian-clang 1.0.0 10.16 69.26 79.42 OK
r-devel-linux-x86_64-debian-gcc 1.0.0 8.37 54.91 63.28 OK
r-devel-linux-x86_64-fedora-clang 1.0.0 107.15 OK
r-devel-linux-x86_64-fedora-gcc 1.0.0 94.93 OK
r-devel-windows-x86_64 1.0.0 14.00 70.00 84.00 OK
r-devel-windows-x86_64-gcc10-UCRT 1.0.0 ERROR
r-patched-linux-x86_64 1.0.0 13.29 68.35 81.64 OK
r-patched-solaris-x86 1.0.0 149.50 OK
r-release-linux-x86_64 1.0.0 9.80 68.41 78.21 OK
r-release-macos-arm64 1.0.0 OK
r-release-macos-x86_64 1.0.0 OK
r-release-windows-ix86+x86_64 1.0.0 13.00 84.00 97.00 OK
r-oldrel-macos-x86_64 1.0.0 OK
r-oldrel-windows-ix86+x86_64 1.0.0 19.00 84.00 103.00 OK

Check Details

Version: 1.0.0
Check: package dependencies
Result: ERROR
    Package required but not available: 'igraph'
    
    See section 'The DESCRIPTION file' in the 'Writing R Extensions'
    manual.
Flavor: r-devel-windows-x86_64-gcc10-UCRT