CRAN Package Check Results for Package smoothSurv

Last updated on 2017-04-29 23:50:49.

Flavor Version Tinstall Tcheck Ttotal Status Flags
r-devel-linux-x86_64-debian-clang 1.6 26.67 49.17 75.84 NOTE
r-devel-linux-x86_64-debian-gcc 1.6 19.69 43.29 62.98 NOTE
r-devel-linux-x86_64-fedora-clang 1.6 179.96 NOTE --no-stop-on-test-error
r-devel-linux-x86_64-fedora-gcc 1.6 134.72 NOTE --no-stop-on-test-error
r-devel-windows-ix86+x86_64 1.6 93.00 104.00 197.00 OK
r-patched-linux-x86_64 1.6 18.38 43.41 61.79 NOTE
r-patched-solaris-sparc 1.6 739.30 OK
r-patched-solaris-x86 1.6 157.50 OK
r-release-linux-x86_64 1.6 17.94 44.57 62.51 NOTE
r-release-windows-ix86+x86_64 1.6 120.00 133.00 253.00 OK
r-release-osx-x86_64 1.6 OK
r-oldrel-windows-ix86+x86_64 1.6 97.00 118.00 215.00 OK
r-oldrel-osx-x86_64 1.6 OK

Check Details

Version: 1.6
Check: compiled code
Result: NOTE
    File ‘smoothSurv/libs/smoothSurv.so’:
     Found no calls to: ‘R_registerRoutines’, ‘R_useDynamicSymbols’
    
    It is good practice to register native routines and to disable symbol
    search.
    
    See ‘Writing portable packages’ in the ‘Writing R Extensions’ manual.
Flavors: r-devel-linux-x86_64-debian-clang, r-devel-linux-x86_64-debian-gcc, r-patched-linux-x86_64, r-release-linux-x86_64

Version: 1.6
Flags: --no-stop-on-test-error
Check: compiled code
Result: NOTE
    File ‘smoothSurv/libs/smoothSurv.so’:
     Found no calls to: ‘R_registerRoutines’, ‘R_useDynamicSymbols’
    
    It is good practice to register native routines and to disable symbol
    search.
    
    See ‘Writing portable packages’ in the ‘Writing R Extensions’ manual.
Flavors: r-devel-linux-x86_64-fedora-clang, r-devel-linux-x86_64-fedora-gcc