CRAN Package Check Results for Package smacof

Last updated on 2022-10-04 12:53:52 CEST.

Flavor Version Tinstall Tcheck Ttotal Status Flags
r-devel-linux-x86_64-debian-clang 2.1-5 26.26 376.93 403.19 OK
r-devel-linux-x86_64-debian-gcc 2.1-5 21.91 267.45 289.36 OK
r-devel-linux-x86_64-fedora-clang 2.1-5 407.44 NOTE
r-devel-linux-x86_64-fedora-gcc 2.1-5 405.48 NOTE
r-devel-windows-x86_64 2.1-5 59.00 409.00 468.00 OK
r-patched-linux-x86_64 2.1-5 32.95 344.72 377.67 OK
r-release-linux-x86_64 2.1-5 22.09 338.61 360.70 OK
r-release-macos-arm64 2.1-5 88.00 NOTE
r-release-macos-x86_64 2.1-5 179.00 NOTE
r-release-windows-x86_64 2.1-5 65.00 428.00 493.00 OK
r-oldrel-macos-arm64 2.1-5 119.00 NOTE
r-oldrel-macos-x86_64 2.1-5 176.00 NOTE
r-oldrel-windows-ix86+x86_64 2.1-5 56.00 484.00 540.00 OK

Check Details

Version: 2.1-5
Check: data for non-ASCII characters
Result: NOTE
     Note: found 15 marked Latin-1 strings
     Note: found 2 marked UTF-8 strings
Flavors: r-devel-linux-x86_64-fedora-clang, r-devel-linux-x86_64-fedora-gcc, r-release-macos-arm64, r-release-macos-x86_64, r-oldrel-macos-arm64, r-oldrel-macos-x86_64