CRAN Package Check Results for Package sisal

Last updated on 2022-09-24 12:57:39 CEST.

Flavor Version Tinstall Tcheck Ttotal Status Flags
r-devel-linux-x86_64-debian-clang 0.48 19.67 144.01 163.68 OK
r-devel-linux-x86_64-debian-gcc 0.48 13.19 109.58 122.77 OK
r-devel-linux-x86_64-fedora-clang 0.48 207.96 OK
r-devel-linux-x86_64-fedora-gcc 0.48 202.81 OK
r-devel-windows-x86_64 0.48 26.00 166.00 192.00 OK
r-patched-linux-x86_64 0.48 18.89 138.95 157.84 OK
r-release-linux-x86_64 0.48 17.13 139.20 156.33 OK
r-release-macos-arm64 0.48 58.00 NOTE
r-release-macos-x86_64 0.48 72.00 OK
r-release-windows-x86_64 0.48 23.00 167.00 190.00 OK
r-oldrel-macos-arm64 0.48 60.00 OK
r-oldrel-macos-x86_64 0.48 110.00 OK
r-oldrel-windows-ix86+x86_64 0.48 31.00 162.00 193.00 OK

Check Details

Version: 0.48
Check: package dependencies
Result: NOTE
    Packages suggested but not available for checking: 'graph', 'Rgraphviz'
Flavor: r-release-macos-arm64

Version: 0.48
Check: Rd cross-references
Result: NOTE
    Packages unavailable to check Rd xrefs: ‘Rgraphviz’, ‘graph’
Flavor: r-release-macos-arm64