CRAN Package Check Results for Package sirt

Last updated on 2021-10-23 12:07:46 CEST.

Flavor Version Tinstall Tcheck Ttotal Status Flags
r-devel-linux-x86_64-debian-clang 3.10-118 295.88 339.89 635.77 OK
r-devel-linux-x86_64-debian-gcc 3.10-118 218.04 249.45 467.49 OK
r-devel-linux-x86_64-fedora-clang 3.10-118 905.22 NOTE
r-devel-linux-x86_64-fedora-gcc 3.10-118 840.73 OK
r-devel-windows-x86_64 3.10-118 420.00 410.00 830.00 NOTE
r-devel-windows-x86_64-gcc10-UCRT 3.10-118 OK
r-patched-linux-x86_64 3.10-118 280.93 330.34 611.27 OK
r-patched-solaris-x86 3.10-118 782.60 NOTE
r-release-linux-x86_64 3.10-118 257.78 327.35 585.13 OK
r-release-macos-arm64 3.10-118 NOTE
r-release-macos-x86_64 3.10-118 NOTE
r-release-windows-ix86+x86_64 3.10-118 542.00 438.00 980.00 NOTE
r-oldrel-macos-x86_64 3.10-118 NOTE
r-oldrel-windows-ix86+x86_64 3.10-118 757.00 496.00 1253.00 NOTE

Check Details

Version: 3.10-118
Check: installed package size
Result: NOTE
     installed size is 11.1Mb
     sub-directories of 1Mb or more:
     R 2.0Mb
     libs 7.1Mb
Flavors: r-devel-linux-x86_64-fedora-clang, r-devel-windows-x86_64, r-patched-solaris-x86, r-release-macos-arm64, r-release-macos-x86_64, r-release-windows-ix86+x86_64, r-oldrel-macos-x86_64, r-oldrel-windows-ix86+x86_64