CRAN Package Check Results for Package shinymodels

Last updated on 2022-08-14 12:53:30 CEST.

Flavor Version Tinstall Tcheck Ttotal Status Flags
r-devel-linux-x86_64-debian-clang 0.1.0 22.61 168.29 190.90 OK
r-devel-linux-x86_64-debian-gcc 0.1.0 17.09 125.56 142.65 OK
r-devel-linux-x86_64-fedora-clang 0.1.0 234.22 NOTE
r-devel-linux-x86_64-fedora-gcc 0.1.0 239.66 OK
r-devel-windows-x86_64 0.1.0 86.00 180.00 266.00 OK
r-patched-linux-x86_64 0.1.0 18.11 159.19 177.30 OK
r-release-linux-x86_64 0.1.0 15.74 158.59 174.33 OK
r-release-macos-arm64 0.1.0 75.00 OK
r-release-macos-x86_64 0.1.0 108.00 OK
r-release-windows-x86_64 0.1.0 100.00 184.00 284.00 OK
r-oldrel-macos-arm64 0.1.0 65.00 OK
r-oldrel-macos-x86_64 0.1.0 83.00 OK
r-oldrel-windows-ix86+x86_64 0.1.0 43.00 184.00 227.00 OK

Check Details

Version: 0.1.0
Check: Rd cross-references
Result: NOTE
    Undeclared package ‘finetune’ in Rd xrefs
Flavor: r-devel-linux-x86_64-fedora-clang