CRAN Package Check Results for Package shinyaframe

Last updated on 2022-08-14 12:53:30 CEST.

Flavor Version Tinstall Tcheck Ttotal Status Flags
r-devel-linux-x86_64-debian-clang 1.0.1 1.49 26.29 27.78 NOTE
r-devel-linux-x86_64-debian-gcc 1.0.1 1.88 20.21 22.09 NOTE
r-devel-linux-x86_64-fedora-clang 1.0.1 44.94 NOTE
r-devel-linux-x86_64-fedora-gcc 1.0.1 47.09 NOTE
r-devel-windows-x86_64 1.0.1 22.00 56.00 78.00 NOTE
r-patched-linux-x86_64 1.0.1 2.47 25.42 27.89 NOTE
r-release-linux-x86_64 1.0.1 1.88 25.33 27.21 NOTE
r-release-macos-arm64 1.0.1 17.00 NOTE
r-release-macos-x86_64 1.0.1 29.00 NOTE
r-release-windows-x86_64 1.0.1 15.00 55.00 70.00 NOTE
r-oldrel-macos-arm64 1.0.1 20.00 NOTE
r-oldrel-macos-x86_64 1.0.1 29.00 NOTE
r-oldrel-windows-ix86+x86_64 1.0.1 7.00 46.00 53.00 NOTE

Check Details

Version: 1.0.1
Check: LazyData
Result: NOTE
     'LazyData' is specified without a 'data' directory
Flavors: r-devel-linux-x86_64-debian-clang, r-devel-linux-x86_64-debian-gcc, r-devel-linux-x86_64-fedora-clang, r-devel-linux-x86_64-fedora-gcc, r-devel-windows-x86_64, r-patched-linux-x86_64, r-release-linux-x86_64, r-release-macos-arm64, r-release-macos-x86_64, r-release-windows-x86_64, r-oldrel-macos-arm64, r-oldrel-macos-x86_64, r-oldrel-windows-ix86+x86_64

Version: 1.0.1
Check: dependencies in R code
Result: NOTE
    Namespace in Imports field not imported from: ‘shiny’
     All declared Imports should be used.
Flavors: r-devel-linux-x86_64-fedora-clang, r-devel-linux-x86_64-fedora-gcc, r-release-macos-arm64, r-release-macos-x86_64, r-oldrel-macos-arm64, r-oldrel-macos-x86_64