CRAN Package Check Results for Package sharpshootR

Last updated on 2022-09-30 12:55:21 CEST.

Flavor Version Tinstall Tcheck Ttotal Status Flags
r-devel-linux-x86_64-debian-clang 1.9 20.88 199.51 220.39 NOTE
r-devel-linux-x86_64-debian-gcc 1.9 17.95 144.61 162.56 NOTE
r-devel-linux-x86_64-fedora-clang 1.9 288.82 NOTE
r-devel-linux-x86_64-fedora-gcc 1.9 261.61 NOTE
r-devel-windows-x86_64 1.9 78.00 220.00 298.00 NOTE
r-patched-linux-x86_64 1.9 21.64 181.31 202.95 NOTE
r-release-linux-x86_64 1.9 13.69 183.27 196.96 NOTE
r-release-macos-arm64 1.9 116.00 NOTE
r-release-macos-x86_64 1.9 205.00 NOTE
r-release-windows-x86_64 1.9 95.00 223.00 318.00 NOTE
r-oldrel-macos-arm64 1.9 115.00 NOTE
r-oldrel-macos-x86_64 1.9 158.00 NOTE
r-oldrel-windows-ix86+x86_64 1.9 45.00 215.00 260.00 NOTE

Check Details

Version: 1.9
Check: package dependencies
Result: NOTE
    Package suggested but not available for checking: 'hydromad'
Flavors: r-devel-linux-x86_64-debian-clang, r-devel-linux-x86_64-debian-gcc, r-devel-linux-x86_64-fedora-clang, r-devel-linux-x86_64-fedora-gcc, r-devel-windows-x86_64, r-patched-linux-x86_64, r-release-linux-x86_64, r-release-macos-arm64, r-release-macos-x86_64, r-release-windows-x86_64, r-oldrel-macos-arm64, r-oldrel-macos-x86_64, r-oldrel-windows-ix86+x86_64