CRAN Package Check Results for Package sglasso

Last updated on 2021-10-21 12:58:15 CEST.

Flavor Version Tinstall Tcheck Ttotal Status Flags
r-devel-linux-x86_64-debian-clang 1.2.4 10.16 64.90 75.06 OK
r-devel-linux-x86_64-debian-gcc 1.2.4 8.24 51.47 59.71 OK
r-devel-linux-x86_64-fedora-clang 1.2.4 102.78 OK
r-devel-linux-x86_64-fedora-gcc 1.2.4 93.19 OK
r-devel-windows-x86_64 1.2.4 17.00 77.00 94.00 OK
r-devel-windows-x86_64-gcc10-UCRT 1.2.4 ERROR
r-patched-linux-x86_64 1.2.4 10.45 63.31 73.76 OK
r-patched-solaris-x86 1.2.4 138.50 OK
r-release-linux-x86_64 1.2.4 11.38 64.30 75.68 OK
r-release-macos-arm64 1.2.4 OK
r-release-macos-x86_64 1.2.4 OK
r-release-windows-ix86+x86_64 1.2.4 20.00 110.00 130.00 OK
r-oldrel-macos-x86_64 1.2.4 OK
r-oldrel-windows-ix86+x86_64 1.2.4 29.00 108.00 137.00 OK

Check Details

Version: 1.2.4
Check: package dependencies
Result: ERROR
    Package required but not available: 'igraph'
    
    See section 'The DESCRIPTION file' in the 'Writing R Extensions'
    manual.
Flavor: r-devel-windows-x86_64-gcc10-UCRT