CRAN Package Check Results for Package sfcr

Last updated on 2021-10-22 12:59:29 CEST.

Flavor Version Tinstall Tcheck Ttotal Status Flags
r-devel-linux-x86_64-debian-clang 0.2.1 34.90 103.41 138.31 OK
r-devel-linux-x86_64-debian-gcc 0.2.1 25.03 79.33 104.36 OK
r-devel-linux-x86_64-fedora-clang 0.2.1 186.58 OK
r-devel-linux-x86_64-fedora-gcc 0.2.1 174.42 OK
r-devel-windows-x86_64 0.2.1 51.00 120.00 171.00 OK
r-devel-windows-x86_64-gcc10-UCRT 0.2.1 ERROR
r-patched-linux-x86_64 0.2.1 30.75 99.57 130.32 OK
r-patched-solaris-x86 0.2.1 191.70 OK
r-release-linux-x86_64 0.2.1 27.63 100.79 128.42 OK
r-release-macos-arm64 0.2.0 OK
r-release-macos-x86_64 0.2.1 OK
r-release-windows-ix86+x86_64 0.2.1 62.00 131.00 193.00 OK
r-oldrel-macos-x86_64 0.2.1 OK
r-oldrel-windows-ix86+x86_64 0.2.1 60.00 136.00 196.00 OK

Check Details

Version: 0.2.1
Check: package dependencies
Result: ERROR
    Package required but not available: 'igraph'
    
    Packages suggested but not available for checking:
     'ggraph', 'tidygraph', 'networkD3'
    
    See section 'The DESCRIPTION file' in the 'Writing R Extensions'
    manual.
Flavor: r-devel-windows-x86_64-gcc10-UCRT