CRAN Package Check Results for Package seqHMM

Last updated on 2021-10-18 12:58:28 CEST.

Flavor Version Tinstall Tcheck Ttotal Status Flags
r-devel-linux-x86_64-debian-clang 1.1.1 419.67 645.95 1065.62 OK
r-devel-linux-x86_64-debian-gcc 1.1.1 313.65 323.85 637.50 OK
r-devel-linux-x86_64-fedora-clang 1.2.0 1467.02 NOTE
r-devel-linux-x86_64-fedora-gcc 1.2.0 1188.64 OK
r-devel-windows-x86_64 1.1.1 570.00 405.00 975.00 NOTE
r-devel-windows-x86_64-gcc10-UCRT 1.1.1 OK
r-patched-linux-x86_64 1.1.1 377.32 421.74 799.06 OK
r-patched-solaris-x86 1.2.0 1105.60 NOTE
r-release-linux-x86_64 1.1.1 387.17 424.50 811.67 OK
r-release-macos-arm64 1.1.1 NOTE
r-release-macos-x86_64 1.1.1 NOTE
r-release-windows-ix86+x86_64 1.2.0 668.00 385.00 1053.00 NOTE
r-oldrel-macos-x86_64 1.1.1 NOTE
r-oldrel-windows-ix86+x86_64 1.1.1 1088.00 555.00 1643.00 NOTE

Check Details

Version: 1.2.0
Check: installed package size
Result: NOTE
     installed size is 19.6Mb
     sub-directories of 1Mb or more:
     doc 6.3Mb
     libs 12.4Mb
Flavors: r-devel-linux-x86_64-fedora-clang, r-patched-solaris-x86, r-release-windows-ix86+x86_64

Version: 1.1.1
Check: installed package size
Result: NOTE
     installed size is 6.5Mb
     sub-directories of 1Mb or more:
     doc 4.0Mb
     libs 1.7Mb
Flavors: r-devel-windows-x86_64, r-release-macos-arm64, r-release-macos-x86_64, r-oldrel-macos-x86_64, r-oldrel-windows-ix86+x86_64