CRAN Package Check Results for Package scDIFtest

Last updated on 2022-09-25 12:56:08 CEST.

Flavor Version Tinstall Tcheck Ttotal Status Flags
r-devel-linux-x86_64-debian-clang 0.1.1 8.77 148.91 157.68 NOTE
r-devel-linux-x86_64-debian-gcc 0.1.1 8.69 107.30 115.99 NOTE
r-devel-linux-x86_64-fedora-clang 0.1.1 192.87 NOTE
r-devel-linux-x86_64-fedora-gcc 0.1.1 188.49 NOTE
r-devel-windows-x86_64 0.1.1 15.00 172.00 187.00 NOTE
r-patched-linux-x86_64 0.1.1 9.85 138.90 148.75 NOTE
r-release-linux-x86_64 0.1.1 9.37 136.87 146.24 NOTE
r-release-macos-arm64 0.1.1 52.00 NOTE
r-release-macos-x86_64 0.1.1 75.00 NOTE
r-release-windows-x86_64 0.1.1 16.00 167.00 183.00 NOTE
r-oldrel-macos-arm64 0.1.1 61.00 NOTE
r-oldrel-macos-x86_64 0.1.1 103.00 NOTE
r-oldrel-windows-ix86+x86_64 0.1.1 22.00 165.00 187.00 NOTE

Check Details

Version: 0.1.1
Check: LazyData
Result: NOTE
     'LazyData' is specified without a 'data' directory
Flavors: r-devel-linux-x86_64-debian-clang, r-devel-linux-x86_64-debian-gcc, r-devel-linux-x86_64-fedora-clang, r-devel-linux-x86_64-fedora-gcc, r-devel-windows-x86_64, r-patched-linux-x86_64, r-release-linux-x86_64, r-release-macos-arm64, r-release-macos-x86_64, r-release-windows-x86_64, r-oldrel-macos-arm64, r-oldrel-macos-x86_64, r-oldrel-windows-ix86+x86_64