CRAN Package Check Results for Package sazedR

Last updated on 2022-09-25 12:56:08 CEST.

Flavor Version Tinstall Tcheck Ttotal Status Flags
r-devel-linux-x86_64-debian-clang 2.0.2 5.30 52.60 57.90 NOTE
r-devel-linux-x86_64-debian-gcc 2.0.2 4.27 38.69 42.96 NOTE
r-devel-linux-x86_64-fedora-clang 2.0.2 79.64 NOTE
r-devel-linux-x86_64-fedora-gcc 2.0.2 76.09 NOTE
r-devel-windows-x86_64 2.0.2 12.00 85.00 97.00 NOTE
r-patched-linux-x86_64 2.0.2 5.41 47.68 53.09 NOTE
r-release-linux-x86_64 2.0.2 5.07 48.40 53.47 NOTE
r-release-macos-arm64 2.0.2 24.00 NOTE
r-release-macos-x86_64 2.0.2 47.00 NOTE
r-release-windows-x86_64 2.0.2 14.00 81.00 95.00 NOTE
r-oldrel-macos-arm64 2.0.2 28.00 NOTE
r-oldrel-macos-x86_64 2.0.2 33.00 NOTE
r-oldrel-windows-ix86+x86_64 2.0.2 16.00 71.00 87.00 NOTE

Check Details

Version: 2.0.2
Check: LazyData
Result: NOTE
     'LazyData' is specified without a 'data' directory
Flavors: r-devel-linux-x86_64-debian-clang, r-devel-linux-x86_64-debian-gcc, r-devel-linux-x86_64-fedora-clang, r-devel-linux-x86_64-fedora-gcc, r-devel-windows-x86_64, r-patched-linux-x86_64, r-release-linux-x86_64, r-release-macos-arm64, r-release-macos-x86_64, r-release-windows-x86_64, r-oldrel-macos-arm64, r-oldrel-macos-x86_64, r-oldrel-windows-ix86+x86_64