CRAN Package Check Results for Package sand

Last updated on 2021-10-22 12:59:28 CEST.

Flavor Version Tinstall Tcheck Ttotal Status Flags
r-devel-linux-x86_64-debian-clang 2.0.0 2.86 31.63 34.49 OK
r-devel-linux-x86_64-debian-gcc 2.0.0 2.26 25.23 27.49 OK
r-devel-linux-x86_64-fedora-clang 2.0.0 53.41 NOTE
r-devel-linux-x86_64-fedora-gcc 2.0.0 41.59 NOTE
r-devel-windows-x86_64 2.0.0 5.00 42.00 47.00 OK
r-devel-windows-x86_64-gcc10-UCRT 2.0.0 ERROR
r-patched-linux-x86_64 2.0.0 3.05 31.02 34.07 OK
r-patched-solaris-x86 2.0.0 68.00 NOTE
r-release-linux-x86_64 2.0.0 2.67 31.39 34.06 OK
r-release-macos-arm64 2.0.0 NOTE
r-release-macos-x86_64 2.0.0 NOTE
r-release-windows-ix86+x86_64 2.0.0 5.00 50.00 55.00 OK
r-oldrel-macos-x86_64 2.0.0 NOTE
r-oldrel-windows-ix86+x86_64 2.0.0 7.00 49.00 56.00 OK

Check Details

Version: 2.0.0
Check: data for non-ASCII characters
Result: NOTE
     Note: found 6 marked UTF-8 strings
Flavors: r-devel-linux-x86_64-fedora-clang, r-devel-linux-x86_64-fedora-gcc, r-patched-solaris-x86, r-release-macos-arm64, r-release-macos-x86_64, r-oldrel-macos-x86_64

Version: 2.0.0
Check: package dependencies
Result: ERROR
    Package required but not available: 'igraph'
    
    Packages suggested but not available for checking:
     'huge', 'networkTomography'
    
    See section 'The DESCRIPTION file' in the 'Writing R Extensions'
    manual.
Flavor: r-devel-windows-x86_64-gcc10-UCRT

Version: 2.0.0
Check: package dependencies
Result: NOTE
    Packages suggested but not available for checking:
     'GO.db', 'GOstats', 'org.Sc.sgd.db'
Flavor: r-release-macos-arm64

Version: 2.0.0
Check: package dependencies
Result: NOTE
    Packages suggested but not available for checking: 'GO.db', 'org.Sc.sgd.db'
Flavor: r-release-macos-x86_64

Version: 2.0.0
Check: package dependencies
Result: NOTE
    Package suggested but not available for checking: ‘org.Sc.sgd.db’
Flavor: r-oldrel-macos-x86_64