CRAN Package Check Results for Package sGMRFmix

Last updated on 2022-09-24 12:57:38 CEST.

Flavor Version Tinstall Tcheck Ttotal Status Flags
r-devel-linux-x86_64-debian-clang 0.3.0 7.79 653.01 660.80 NOTE
r-devel-linux-x86_64-debian-gcc 0.3.0 5.53 409.35 414.88 NOTE
r-devel-linux-x86_64-fedora-clang 0.3.0 726.20 NOTE
r-devel-linux-x86_64-fedora-gcc 0.3.0 738.54 NOTE
r-devel-windows-x86_64 0.3.0 27.00 548.00 575.00 NOTE
r-patched-linux-x86_64 0.3.0 4.40 592.91 597.31 NOTE
r-release-linux-x86_64 0.3.0 4.94 603.21 608.15 NOTE
r-release-macos-arm64 0.3.0 147.00 NOTE
r-release-macos-x86_64 0.3.0 258.00 NOTE
r-release-windows-x86_64 0.3.0 18.00 539.00 557.00 NOTE
r-oldrel-macos-arm64 0.3.0 224.00 NOTE
r-oldrel-macos-x86_64 0.3.0 289.00 NOTE
r-oldrel-windows-ix86+x86_64 0.3.0 17.00 677.00 694.00 NOTE

Check Details

Version: 0.3.0
Check: LazyData
Result: NOTE
     'LazyData' is specified without a 'data' directory
Flavors: r-devel-linux-x86_64-debian-clang, r-devel-linux-x86_64-debian-gcc, r-devel-linux-x86_64-fedora-clang, r-devel-linux-x86_64-fedora-gcc, r-devel-windows-x86_64, r-patched-linux-x86_64, r-release-linux-x86_64, r-release-macos-arm64, r-release-macos-x86_64, r-release-windows-x86_64, r-oldrel-macos-arm64, r-oldrel-macos-x86_64, r-oldrel-windows-ix86+x86_64