CRAN Package Check Results for Package rxode2

Last updated on 2022-08-06 12:57:31 CEST.

Flavor Version Tinstall Tcheck Ttotal Status Flags
r-devel-linux-x86_64-debian-clang 2.0.7 534.94 374.04 908.98 NOTE
r-devel-linux-x86_64-debian-gcc 2.0.7 495.56 257.01 752.57 NOTE
r-devel-linux-x86_64-fedora-clang 2.0.7 1300.00 NOTE
r-devel-linux-x86_64-fedora-gcc 2.0.7 1249.30 NOTE
r-devel-windows-x86_64 2.0.7 528.00 535.00 1063.00 NOTE
r-patched-linux-x86_64 2.0.7 515.35 312.40 827.75 OK
r-release-linux-x86_64 2.0.7 519.75 320.57 840.32 OK
r-release-macos-arm64 2.0.7 412.00 NOTE
r-release-macos-x86_64 2.0.7 642.00 NOTE
r-release-windows-x86_64 2.0.7 658.00 530.00 1188.00 NOTE
r-oldrel-macos-arm64 2.0.7 296.00 NOTE
r-oldrel-macos-x86_64 2.0.7 670.00 NOTE
r-oldrel-windows-ix86+x86_64 2.0.7 1221.00 836.00 2057.00 NOTE

Check Details

Version: 2.0.7
Check: Rd files
Result: NOTE
    checkRd: (-1) add.dosing.Rd:147: Escaped LaTeX specials: \&
    checkRd: (-1) add.sampling.Rd:113: Escaped LaTeX specials: \&
    checkRd: (-1) et.Rd:243: Escaped LaTeX specials: \&
    checkRd: (-1) etRbind.Rd:146: Escaped LaTeX specials: \&
    checkRd: (-1) etRep.Rd:164: Escaped LaTeX specials: \&
    checkRd: (-1) etSeq.Rd:143: Escaped LaTeX specials: \&
Flavors: r-devel-linux-x86_64-debian-clang, r-devel-linux-x86_64-debian-gcc, r-devel-linux-x86_64-fedora-clang, r-devel-linux-x86_64-fedora-gcc, r-devel-windows-x86_64

Version: 2.0.7
Check: installed package size
Result: NOTE
     installed size is 34.9Mb
     sub-directories of 1Mb or more:
     R 1.0Mb
     libs 32.0Mb
Flavors: r-devel-linux-x86_64-fedora-clang, r-devel-windows-x86_64, r-release-macos-arm64, r-release-macos-x86_64, r-release-windows-x86_64, r-oldrel-macos-arm64, r-oldrel-macos-x86_64, r-oldrel-windows-ix86+x86_64