CRAN Package Check Results for Package rvinecopulib

Last updated on 2022-09-24 12:57:37 CEST.

Flavor Version Tinstall Tcheck Ttotal Status Flags
r-devel-linux-x86_64-debian-clang 0.6.2.1.1 152.91 79.72 232.63 OK
r-devel-linux-x86_64-debian-gcc 0.6.2.1.1 128.81 61.55 190.36 OK
r-devel-linux-x86_64-fedora-clang 0.6.2.1.1 298.49 NOTE
r-devel-linux-x86_64-fedora-gcc 0.6.2.1.1 335.16 OK
r-devel-windows-x86_64 0.6.2.1.1 389.00 150.00 539.00 NOTE
r-patched-linux-x86_64 0.6.2.1.1 144.00 78.55 222.55 OK
r-release-linux-x86_64 0.6.2.1.1 147.00 77.73 224.73 OK
r-release-macos-arm64 0.6.2.1.1 86.00 NOTE
r-release-macos-x86_64 0.6.2.1.1 117.00 NOTE
r-release-windows-x86_64 0.6.2.1.1 287.00 142.00 429.00 NOTE
r-oldrel-macos-arm64 0.6.2.1.1 78.00 NOTE
r-oldrel-macos-x86_64 0.6.2.1.1 113.00 NOTE
r-oldrel-windows-ix86+x86_64 0.6.2.1.1 323.00 184.00 507.00 NOTE

Check Details

Version: 0.6.2.1.1
Check: installed package size
Result: NOTE
     installed size is 10.5Mb
     sub-directories of 1Mb or more:
     include 5.0Mb
     libs 5.1Mb
Flavors: r-devel-linux-x86_64-fedora-clang, r-devel-windows-x86_64, r-release-macos-arm64, r-release-macos-x86_64, r-release-windows-x86_64, r-oldrel-macos-arm64, r-oldrel-macos-x86_64, r-oldrel-windows-ix86+x86_64

Version: 0.6.2.1.1
Check: Rd cross-references
Result: NOTE
    Undeclared package ‘wdm’ in Rd xrefs
Flavor: r-devel-linux-x86_64-fedora-clang