CRAN Package Check Results for Package rtsdata

Last updated on 2022-09-24 12:57:37 CEST.

Flavor Version Tinstall Tcheck Ttotal Status Flags
r-devel-linux-x86_64-debian-clang 0.1.3 2.77 30.90 33.67 OK
r-devel-linux-x86_64-debian-gcc 0.1.3 2.53 24.27 26.80 OK
r-devel-linux-x86_64-fedora-clang 0.1.3 53.14 NOTE
r-devel-linux-x86_64-fedora-gcc 0.1.3 51.38 NOTE
r-devel-windows-x86_64 0.1.3 14.00 63.00 77.00 OK
r-patched-linux-x86_64 0.1.3 3.21 30.02 33.23 OK
r-release-linux-x86_64 0.1.3 3.11 29.73 32.84 OK
r-release-macos-arm64 0.1.3 18.00 OK
r-release-macos-x86_64 0.1.3 24.00 OK
r-release-windows-x86_64 0.1.3 15.00 58.00 73.00 OK
r-oldrel-macos-arm64 0.1.3 18.00 OK
r-oldrel-macos-x86_64 0.1.3 26.00 OK
r-oldrel-windows-ix86+x86_64 0.1.3 7.00 51.00 58.00 OK

Check Details

Version: 0.1.3
Check: package dependencies
Result: NOTE
    Package suggested but not available for checking: ‘RQuantLib’
Flavors: r-devel-linux-x86_64-fedora-clang, r-devel-linux-x86_64-fedora-gcc