CRAN Package Check Results for Package rties

Last updated on 2022-10-03 12:53:23 CEST.

Flavor Version Tinstall Tcheck Ttotal Status Flags
r-devel-linux-x86_64-debian-clang 5.0.0 10.14 227.78 237.92 OK
r-devel-linux-x86_64-debian-gcc 5.0.0 7.45 163.60 171.05 OK
r-devel-linux-x86_64-fedora-clang 5.0.0 298.40 NOTE
r-devel-linux-x86_64-fedora-gcc 5.0.0 285.98 NOTE
r-devel-windows-x86_64 5.0.0 31.00 263.00 294.00 OK
r-patched-linux-x86_64 5.0.0 8.81 211.51 220.32 OK
r-release-linux-x86_64 5.0.0 8.16 214.71 222.87 OK
r-release-macos-arm64 5.0.0 85.00 NOTE
r-release-macos-x86_64 5.0.0 140.00 NOTE
r-release-windows-x86_64 5.0.0 34.00 256.00 290.00 OK
r-oldrel-macos-arm64 5.0.0 117.00 NOTE
r-oldrel-macos-x86_64 5.0.0 153.00 NOTE
r-oldrel-windows-ix86+x86_64 5.0.0 22.00 259.00 281.00 OK

Check Details

Version: 5.0.0
Check: dependencies in R code
Result: NOTE
    Namespaces in Imports field not imported from:
     ‘DescTools’ ‘MASS’ ‘gridExtra’
     All declared Imports should be used.
Flavors: r-devel-linux-x86_64-fedora-clang, r-devel-linux-x86_64-fedora-gcc, r-release-macos-arm64, r-release-macos-x86_64, r-oldrel-macos-arm64, r-oldrel-macos-x86_64