CRAN Package Check Results for Package rstatix

Last updated on 2022-10-04 12:53:50 CEST.

Flavor Version Tinstall Tcheck Ttotal Status Flags
r-devel-linux-x86_64-debian-clang 0.7.0 13.50 162.79 176.29 NOTE
r-devel-linux-x86_64-debian-gcc 0.7.0 10.70 119.49 130.19 NOTE
r-devel-linux-x86_64-fedora-clang 0.7.0 222.11 NOTE
r-devel-linux-x86_64-fedora-gcc 0.7.0 209.42 NOTE
r-devel-windows-x86_64 0.7.0 65.00 199.00 264.00 NOTE
r-patched-linux-x86_64 0.7.0 15.82 148.43 164.25 NOTE
r-release-linux-x86_64 0.7.0 12.69 146.90 159.59 NOTE
r-release-macos-arm64 0.7.0 51.00 NOTE
r-release-macos-x86_64 0.7.0 91.00 NOTE
r-release-windows-x86_64 0.7.0 70.00 185.00 255.00 NOTE
r-oldrel-macos-arm64 0.7.0 62.00 NOTE
r-oldrel-macos-x86_64 0.7.0 73.00 NOTE
r-oldrel-windows-ix86+x86_64 0.7.0 27.00 184.00 211.00 NOTE

Check Details

Version: 0.7.0
Check: LazyData
Result: NOTE
     'LazyData' is specified without a 'data' directory
Flavors: r-devel-linux-x86_64-debian-clang, r-devel-linux-x86_64-debian-gcc, r-devel-linux-x86_64-fedora-clang, r-devel-linux-x86_64-fedora-gcc, r-devel-windows-x86_64, r-patched-linux-x86_64, r-release-linux-x86_64, r-release-macos-arm64, r-release-macos-x86_64, r-release-windows-x86_64, r-oldrel-macos-arm64, r-oldrel-macos-x86_64, r-oldrel-windows-ix86+x86_64