CRAN Package Check Results for Package rquery

Last updated on 2021-10-22 12:59:27 CEST.

Flavor Version Tinstall Tcheck Ttotal Status Flags
r-devel-linux-x86_64-debian-clang 1.4.7 10.58 91.15 101.73 OK
r-devel-linux-x86_64-debian-gcc 1.4.7 9.76 67.99 77.75 OK
r-devel-linux-x86_64-fedora-clang 1.4.7 131.53 OK
r-devel-linux-x86_64-fedora-gcc 1.4.7 121.02 OK
r-devel-windows-x86_64 1.4.7 18.00 109.00 127.00 OK
r-devel-windows-x86_64-gcc10-UCRT 1.4.7 NOTE
r-patched-linux-x86_64 1.4.7 14.31 95.99 110.30 OK
r-patched-solaris-x86 1.4.7 141.10 OK
r-release-linux-x86_64 1.4.7 10.12 96.36 106.48 OK
r-release-macos-arm64 1.4.7 OK
r-release-macos-x86_64 1.4.7 OK
r-release-windows-ix86+x86_64 1.4.7 12.00 129.00 141.00 OK
r-oldrel-macos-x86_64 1.4.7 OK
r-oldrel-windows-ix86+x86_64 1.4.7 22.00 131.00 153.00 OK

Check Details

Version: 1.4.7
Check: package dependencies
Result: NOTE
    Packages suggested but not available for checking: 'igraph', 'DiagrammeR'
Flavor: r-devel-windows-x86_64-gcc10-UCRT