CRAN Package Check Results for Package roots

Last updated on 2021-10-21 12:58:14 CEST.

Flavor Version Tinstall Tcheck Ttotal Status Flags
r-devel-linux-x86_64-debian-clang 1.0 8.00 67.08 75.08 NOTE
r-devel-linux-x86_64-debian-gcc 1.0 5.90 51.43 57.33 NOTE
r-devel-linux-x86_64-fedora-clang 1.0 100.65 NOTE
r-devel-linux-x86_64-fedora-gcc 1.0 90.57 NOTE
r-devel-windows-x86_64 1.0 12.00 77.00 89.00 NOTE
r-devel-windows-x86_64-gcc10-UCRT 1.0 ERROR
r-patched-linux-x86_64 1.0 8.36 64.54 72.90 NOTE
r-patched-solaris-x86 1.0 139.80 NOTE
r-release-linux-x86_64 1.0 9.07 64.62 73.69 NOTE
r-release-macos-arm64 1.0 NOTE
r-release-macos-x86_64 1.0 NOTE
r-release-windows-ix86+x86_64 1.0 12.00 86.00 98.00 NOTE
r-oldrel-macos-x86_64 1.0 OK
r-oldrel-windows-ix86+x86_64 1.0 19.00 91.00 110.00 OK

Check Details

Version: 1.0
Check: LazyData
Result: NOTE
     'LazyData' is specified without a 'data' directory
Flavors: r-devel-linux-x86_64-debian-clang, r-devel-linux-x86_64-debian-gcc, r-devel-linux-x86_64-fedora-clang, r-devel-linux-x86_64-fedora-gcc, r-devel-windows-x86_64, r-patched-linux-x86_64, r-patched-solaris-x86, r-release-linux-x86_64, r-release-macos-arm64, r-release-macos-x86_64, r-release-windows-ix86+x86_64

Version: 1.0
Check: package dependencies
Result: ERROR
    Package required but not available: 'igraph'
    
    See section 'The DESCRIPTION file' in the 'Writing R Extensions'
    manual.
Flavor: r-devel-windows-x86_64-gcc10-UCRT