CRAN Package Check Results for Package roll

Last updated on 2022-09-24 12:57:37 CEST.

Flavor Version Tinstall Tcheck Ttotal Status Flags
r-devel-linux-x86_64-debian-clang 1.1.6 61.71 33.14 94.85 NOTE
r-devel-linux-x86_64-debian-gcc 1.1.6 54.22 25.49 79.71 NOTE
r-devel-linux-x86_64-fedora-clang 1.1.6 131.02 NOTE
r-devel-linux-x86_64-fedora-gcc 1.1.6 137.07 NOTE
r-devel-windows-x86_64 1.1.6 62.00 85.00 147.00 NOTE
r-patched-linux-x86_64 1.1.6 53.23 31.56 84.79 NOTE
r-release-linux-x86_64 1.1.6 53.08 30.83 83.91 NOTE
r-release-macos-arm64 1.1.6 37.00 NOTE
r-release-macos-x86_64 1.1.6 47.00 NOTE
r-release-windows-x86_64 1.1.6 60.00 87.00 147.00 NOTE
r-oldrel-macos-arm64 1.1.6 41.00 NOTE
r-oldrel-macos-x86_64 1.1.6 75.00 NOTE
r-oldrel-windows-ix86+x86_64 1.1.6 140.00 86.00 226.00 NOTE

Check Details

Version: 1.1.6
Check: for GNU extensions in Makefiles
Result: NOTE
    GNU make is a SystemRequirements.
Flavors: r-devel-linux-x86_64-debian-clang, r-devel-linux-x86_64-debian-gcc, r-devel-linux-x86_64-fedora-clang, r-devel-linux-x86_64-fedora-gcc, r-devel-windows-x86_64, r-patched-linux-x86_64, r-release-linux-x86_64, r-release-macos-arm64, r-release-macos-x86_64, r-release-windows-x86_64, r-oldrel-macos-arm64, r-oldrel-macos-x86_64, r-oldrel-windows-ix86+x86_64

Version: 1.1.6
Check: installed package size
Result: NOTE
     installed size is 5.5Mb
     sub-directories of 1Mb or more:
     libs 5.3Mb
Flavors: r-release-macos-arm64, r-release-macos-x86_64, r-oldrel-macos-arm64, r-oldrel-macos-x86_64