CRAN Package Check Results for Package robustrao

Last updated on 2021-10-21 12:58:14 CEST.

Flavor Version Tinstall Tcheck Ttotal Status Flags
r-devel-linux-x86_64-debian-clang 1.0-5 3.20 35.24 38.44 OK
r-devel-linux-x86_64-debian-gcc 1.0-5 2.57 28.22 30.79 OK
r-devel-linux-x86_64-fedora-clang 1.0-5 57.72 OK
r-devel-linux-x86_64-fedora-gcc 1.0-5 47.01 OK
r-devel-windows-x86_64 1.0-5 7.00 49.00 56.00 OK
r-devel-windows-x86_64-gcc10-UCRT 1.0-5 ERROR
r-patched-linux-x86_64 1.0-5 3.40 34.81 38.21 OK
r-patched-solaris-x86 1.0-5 83.00 OK
r-release-linux-x86_64 1.0-5 3.27 34.52 37.79 OK
r-release-macos-arm64 1.0-5 OK
r-release-macos-x86_64 1.0-5 OK
r-release-windows-ix86+x86_64 1.0-5 5.00 60.00 65.00 OK
r-oldrel-macos-x86_64 1.0-5 OK
r-oldrel-windows-ix86+x86_64 1.0-5 8.00 60.00 68.00 OK

Check Details

Version: 1.0-5
Check: package dependencies
Result: ERROR
    Package required but not available: 'igraph'
    
    See section 'The DESCRIPTION file' in the 'Writing R Extensions'
    manual.
Flavor: r-devel-windows-x86_64-gcc10-UCRT